mmon divisor of 974 and 240171355.
487
What is the greatest common factor of 6840949 and 872?
109
Calculate the highest common factor of 7293624 and 200499.
3783
Calculate the highest common divisor of 26461712 and 32.
16
Calculate the highest common divisor of 3584 and 152264.
56
What is the greatest common factor of 90420 and 9044740?
2740
What is the highest common divisor of 301427 and 89607?
119
Calculate the greatest common factor of 7 and 30793203.
7
Calculate the highest common factor of 6 and 36313161.
3
What is the greatest common factor of 6954 and 1736285151?
3477
What is the highest common factor of 3416 and 562036920?
488
Calculate the greatest common factor of 410838 and 40506.
6
What is the greatest common factor of 14120 and 296873?
353
Calculate the greatest common divisor of 484 and 2563088.
44
What is the highest common divisor of 362640 and 24960?
240
What is the greatest common factor of 38 and 210800003?
19
Calculate the highest common divisor of 2322 and 71118.
54
Calculate the greatest common factor of 17154 and 4111578.
18
What is the highest common divisor of 71044972 and 289?
17
Calculate the greatest common factor of 3450290 and 26190.
970
Calculate the highest common divisor of 72509 and 9168880.
2339
What is the highest common divisor of 374886 and 4301658?
6354
What is the highest common factor of 8028878 and 1144?
286
Calculate the highest common factor of 316542055 and 755.
755
Calculate the highest common divisor of 1300832 and 4784.
208
What is the greatest common divisor of 20790 and 29079?
27
Calculate the highest common factor of 12200 and 44485775.
1525
Calculate the greatest common divisor of 60844 and 7628460.
1148
Calculate the highest common factor of 39092 and 1320366.
674
Calculate the highest common factor of 34 and 46332038.
34
Calculate the highest common divisor of 30736486 and 110.
22
What is the highest common factor of 20932102 and 166?
166
What is the highest common factor of 95285 and 16405?
85
What is the highest common factor of 27335 and 73563952?
5467
What is the greatest common factor of 858546 and 1332162?
234
Calculate the greatest common divisor of 9184 and 387368.
328
What is the highest common factor of 25641 and 218724?
33
What is the greatest common factor of 2135302 and 159562?
442
What is the greatest common factor of 493468 and 11023?
151
What is the highest common factor of 1757 and 282961?
7
What is the greatest common factor of 37596696 and 1176?
24
What is the greatest common factor of 493 and 1930153?
29
What is the highest common factor of 1488 and 159288?
24
Calculate the highest common divisor of 283656 and 1776.
24
Calculate the highest common factor of 202236 and 179628.
12
Calculate the greatest common divisor of 4998 and 2062263.
147
Calculate the greatest common factor of 5361396 and 5868.
1956
What is the highest common divisor of 850 and 19813450?
50
What is the highest common divisor of 27 and 46946034?
27
Calculate the highest common divisor of 146800 and 2563128.
2936
What is the highest common divisor of 45 and 205777485?
45
What is the greatest common divisor of 1332 and 97596?
36
What is the greatest common factor of 18814650 and 45?
15
What is the greatest common divisor of 23642746 and 122?
122
What is the greatest common divisor of 1285955250 and 1875?
375
Calculate the highest common divisor of 38098404 and 1708.
244
Calculate the highest common divisor of 1080 and 318495.
15
What is the highest common factor of 256532 and 456424?
236
What is the highest common divisor of 108139338 and 30?
6
Calculate the highest common divisor of 1308 and 5028.
12
Calculate the highest common divisor of 10 and 1001988260.
10
What is the greatest common factor of 227808 and 681390?
2034
Calculate the highest common factor of 6392 and 379450693.
799
Calculate the highest common factor of 3650947 and 1043.
149
Calculate the greatest common divisor of 125898110 and 20.
10
Calculate the highest common factor of 1857 and 873991479.
1857
What is the highest common divisor of 180 and 49895739?
9
Calculate the greatest common factor of 1974 and 907622499.
987
Calculate the greatest common factor of 67673167 and 26340.
439
Calculate the highest common divisor of 118229 and 151463.
191
Calculate the greatest common factor of 739148256 and 12672.
3168
What is the highest common divisor of 294 and 493437840?
294
What is the greatest common factor of 55497 and 11479?
13
What is the highest common factor of 1570 and 3049730?
10
What is the highest common divisor of 122 and 28195786?
122
Calculate the highest common divisor of 385344 and 848.
16
Calculate the highest common factor of 11220 and 12828540.
1020
What is the highest common divisor of 18025 and 12010418?
721
Calculate the highest common divisor of 3687 and 13104827.
1229
Calculate the greatest common divisor of 668451888 and 18.
18
Calculate the greatest common factor of 116986212 and 12208.
3052
What is the greatest common factor of 4122063 and 153?
9
Calculate the greatest common divisor of 10174 and 877894112.
10174
What is the greatest common factor of 4039 and 8505?
7
Calculate the greatest common factor of 2448 and 10256868.
36
Calculate the highest common factor of 29945045 and 715.
65
What is the greatest common divisor of 7600 and 5831800?
200
What is the highest common factor of 45 and 2163072240?
45
What is the greatest common divisor of 2565 and 209817?
513
What is the greatest common divisor of 51942345 and 1365?
1365
Calculate the greatest common factor of 2236738 and 42946.
394
Calculate the highest common factor of 3783031 and 28.
7
What is the highest common divisor of 21834408 and 96?
24
Calculate the highest common factor of 3 and 315597903.
3
What is the highest common divisor of 26186276 and 75632?
652
What is the greatest common divisor of 7577118 and 7641?
27
Calculate the highest common divisor of 27 and 53417439.
9
Calculate the greatest common divisor of 323 and 119221086.
19
What is the greatest common divisor of 3472 and 32553906?
434
What is the greatest common factor of 3552467 and 488951?
4327
What is the greatest common factor of 11641258 and 2?
2
Calculate the greatest common factor of 454330 and 3380.
10
What is the greatest common factor of 17184 and 1184?
32
What is the highest common divisor of 5042896 and 32?
16
Calculate the highest common factor of 445 and 88885.
5
What is the greatest common factor of 76547113 and 439?
439
Calculate the highest common factor of 772 and 19105649.
193
Calculate the highest common factor of 18 and 60732312.
6
What is the highest common factor of 9067800 and 110075?
2975
What is the highest common factor of 5606 and 162156353?
2803
What is the highest common divisor of 319866 and 19224?
534
Calculate the greatest common divisor of 32630 and 1092130.
130
Calculate the greatest common factor of 11 and 62741129.
11
Calculate the highest common divisor of 2793 and 52330579.
931
What is the greatest common divisor of 42290 and 490?
10
What is the highest common factor of 312 and 90786462?
78
Calculate the greatest common factor of 47538567 and 2043.
2043
What is the highest common divisor of 11451 and 10905169?
3817
What is the highest common divisor of 4050844 and 45074?
1454
What is the highest common divisor of 3136 and 11208848?
784
What is the highest common factor of 2153326368 and 1126?
1126
What is the highest common factor of 10127 and 756409?
779
What is the greatest common divisor of 487552 and 12599?
293
What is the greatest common divisor of 152892 and 708?
12
What is the greatest common divisor of 41886 and 6290037?
117
What is the greatest common factor of 35144029 and 43?
43
What is the highest common factor of 10448241 and 141?
141
What is the greatest common divisor of 1251 and 3269709?
9
What is the highest common divisor of 837 and 2794185?
279
What is the greatest common factor of 87817932 and 12?
12
Calculate the greatest common factor of 2062810596 and 834.
834
What is the greatest common divisor of 315 and 25619755?
35
Calculate the highest common factor of 660 and 9510.
30
Calculate the highest common divisor of 1270017390 and 11540.
5770
Calculate the greatest common factor of 227969474 and 62.
62
Calculate the greatest commo